, 109, 163
List the prime factors of 18500312.
2, 2312539
What are the prime factors of 59764998?
2, 3, 29, 97, 3541
What are the prime factors of 6409764014?
2, 17, 349, 540179
What are the prime factors of 386469635?
5, 4003, 19309
List the prime factors of 177466502.
2, 17, 5219603
List the prime factors of 145857153.
3, 13, 29, 4447
What are the prime factors of 49604996?
2, 7, 1771607
What are the prime factors of 535850296?
2, 2887, 23201
What are the prime factors of 200577046?
2, 619, 162017
What are the prime factors of 44018785?
5, 137, 179, 359
What are the prime factors of 20622021?
3, 7, 71, 13831
List the prime factors of 209409281.
17, 12318193
List the prime factors of 2128178477.
23, 92529499
What are the prime factors of 564243549?
3, 17, 43, 257293
What are the prime factors of 616910160?
2, 3, 5, 2570459
List the prime factors of 43133921.
47, 79, 11617
What are the prime factors of 186950573?
251, 744823
What are the prime factors of 2868842267?
139, 3323, 6211
List the prime factors of 2631152195.
5, 7, 239, 314543
List the prime factors of 151376032.
2, 1321, 3581
List the prime factors of 4460395327.
103, 43304809
What are the prime factors of 285920380?
2, 5, 1613, 8863
What are the prime factors of 623204247?
3, 207734749
List the prime factors of 2400964281.
3, 17, 1609, 3251
List the prime factors of 762851002.
2, 41, 59, 157679
What are the prime factors of 866688597?
3, 96298733
What are the prime factors of 125816515?
5, 11, 887, 2579
List the prime factors of 11306046.
2, 3, 1884341
What are the prime factors of 1941813196?
2, 1777, 273187
List the prime factors of 38122362.
2, 3, 23, 92083
List the prime factors of 800185233.
3, 41, 79, 82349
List the prime factors of 5733456708.
2, 3, 7, 1987, 34351
List the prime factors of 879426774.
2, 3, 53, 307277
What are the prime factors of 70958020?
2, 5, 7, 506843
What are the prime factors of 72552051?
3, 11, 13, 19, 23, 43
What are the prime factors of 1812411329?
239, 401, 18911
What are the prime factors of 873808037?
67, 13041911
What are the prime factors of 280179537?
3, 11, 23, 369143
What are the prime factors of 35564596?
2, 8891149
What are the prime factors of 533000701?
31, 53, 353, 919
What are the prime factors of 346238343?
3, 11, 23, 73, 2083
What are the prime factors of 129626392?
2, 7, 37, 73, 857
List the prime factors of 34486190.
2, 5, 797, 4327
What are the prime factors of 203973547?
8039, 25373
List the prime factors of 602506672.
2, 37656667
List the prime factors of 7260976648.
2, 677, 1340653
What are the prime factors of 1847287265?
5, 73, 5061061
List the prime factors of 6862548929.
101, 67946029
List the prime factors of 1280209339.
3853, 332263
What are the prime factors of 3685446065?
5, 7, 17, 101, 8761
List the prime factors of 6637936285.
5, 41, 32380177
What are the prime factors of 467943014?
2, 7, 11, 29, 104779
What are the prime factors of 722587620?
2, 3, 5, 1289, 9343
What are the prime factors of 33756848?
2, 223, 9461
List the prime factors of 209316366.
2, 3, 7, 553747
What are the prime factors of 769605840?
2, 3, 5, 356299
What are the prime factors of 2748046483?
7, 13, 2099, 14387
List the prime factors of 35059863.
3, 11686621
List the prime factors of 2663354116.
2, 223, 317, 9419
What are the prime factors of 2351150?
2, 5, 59, 797
What are the prime factors of 1387470537?
3, 12281, 12553
What are the prime factors of 2049599359?
47, 43608497
List the prime factors of 263187975.
3, 5, 353, 9941
List the prime factors of 685833240.
2, 3, 5, 41, 139397
List the prime factors of 36524715.
3, 5, 67, 36343
What are the prime factors of 154699744?
2, 107, 45181
List the prime factors of 298631840.
2, 5, 13, 143573
List the prime factors of 4730537653.
37, 6451, 19819
List the prime factors of 757095288.
2, 3, 233, 135389
What are the prime factors of 51550115?
5, 1811, 5693
List the prime factors of 477292131.
3, 43, 1233313
What are the prime factors of 338226227?
338226227
What are the prime factors of 139690710?
2, 3, 5, 517373
List the prime factors of 3249008449.
3249008449
List the prime factors of 134019557.
7, 2735093
What are the prime factors of 57477424?
2, 67, 53617
What are the prime factors of 36196599?
3, 3181, 3793
List the prime factors of 3273173471.
31, 5233, 20177
List the prime factors of 892124297.
409, 2181233
What are the prime factors of 6509826573?
3, 2169942191
List the prime factors of 214058400.
2, 3, 5, 79, 1129
List the prime factors of 732474469.
53, 1009, 13697
What are the prime factors of 3412756?
2, 853189
What are the prime factors of 122807419?
7, 23, 762779
List the prime factors of 1880349190.
2, 5, 109, 1725091
List the prime factors of 2206729521.
3, 19, 127, 33871
What are the prime factors of 1595772423?
3, 7, 25329721
What are the prime factors of 1127905106?
2, 307, 1836979
List the prime factors of 335291326.
2, 47, 79, 163, 277
List the prime factors of 212426473.
7, 30346639
List the prime factors of 1819092866.
2, 909546433
List the prime factors of 166655121.
3, 55551707
What are the prime factors of 440398898?
2, 6569, 33521
What are the prime factors of 1229246855?
5, 3911, 62861
What are the prime factors of 117943538?
2, 58971769
List the prime factors of 106699652.
2, 71, 375703
What are the prime factors of 1683016489?
7, 11, 21857357
What are the prime factors of 13784030?
2, 5, 13, 106031
List the prime factors of 707811866.
2, 283, 1250551
What are the prime factors of 83206804?
2, 20801701
List the prime factors of 70810027.
937, 75571
What are the prime factors of 168921106?
2, 84460553
What are the prime factors of 27913171?
11, 13, 195197
List the prime factors of 117543548.
2, 2137, 13751
List the prime factors of 264920009.
264920009
What are the prime factors of 968027956?
2, 7, 23, 1503149
What are the prime factors of 940884013?
940884013
What are the prime factors of 7341321942?
2, 3, 73, 5587003
What are the prime factors of 148075247?
29, 197, 25919
List the prime factors of 3545954706.
2, 3, 7, 73, 1156541
What are the prime factors of 705184310?
2, 5, 17, 4148143
List the prime factors of 1594920271.
7, 31, 311, 23633
What are the prime factors of 76161411?
3, 17, 73, 2273
List the prime factors of 263536546.
2, 7, 13, 1448003
What are the prime factors of 597308715?
3, 5, 139, 229
List the prime factors of 420858659.
13, 32373743
List the prime factors of 65418234.
2, 3, 7, 222511
List the prime factors of 191341325.
5, 7, 109, 1433
What are the prime factors of 77358854?
2, 79, 489613
List the prime factors of 2205860708.
2, 19, 491, 59113
What are the prime factors of 2544093751?
2544093751
List the prime factors of 1490652507.
3, 53, 9375173
What are the prime factors of 102999988?
2, 7, 13, 19, 53, 281
What are the prime factors of 607382710?
2, 5, 11, 5521661
What are the prime factors of 14844329?
191, 77719
What are the prime factors of 284481722?
2, 7, 43, 472561
What are the prime factors of 3021988808?
2, 377748601
What are the prime factors of 218655078?
2, 3, 19, 1918027
What are the prime factors of 470078652?
2, 3, 293, 133697
What are the prime factors of 456604824?
2, 3, 13, 607, 2411
List the prime factors of 375696198.
2, 3, 6957337
List the prime factors of 82503260.
2, 5, 7, 29, 2903
List the prime factors of 9555004.
2, 67, 101, 353
List the prime factors of 39364432.
2, 2460277
What are the prime factors of 97777722?
2, 3, 7, 137, 16993
List the prime factors of 31270038.
2, 3, 17, 113, 2713
What are the prime factors of 9208881?
3, 11, 167, 557
List the prime factors of 1580854187.
11, 143714017
What are the prime factors of 18561244?
2, 13, 356947
List the prime factors of 430741837.
19, 137, 165479
What are the prime factors of 2211728691?
3, 23, 32054039
What are the prime factors of 3848660730?
2, 3, 5, 175979
What are the prime factors of 49373184?
2, 3, 7, 41
What are the prime factors of 1254025154?
2, 2383, 263119
What are the prime factors of 37205522?
2, 18602761
What are the prime factors of 5438898?
2, 3, 43, 7027
What are the prime factors of 45432731?
197, 211, 1093
List the prime factors of 20821481.
17, 41, 29873
List the prime factors of 209355362.
2, 104677681
What are the prime factors of 393832453?